j = 2*f + k, -2*j - 123 = -f. What are the prime factors of f?
3, 43
Let y = 85 + 68. Let j = y - 95. What are the prime factors of j?
2, 29
Suppose 4*j - 344 = -0*j. Suppose -2*p + 4*d = -62, 2*p - 2*d + 28 = j. What are the prime factors of p?
3
Suppose -2*t = -0*t - 10. Let s(v) = t*v**2 - 4*v - v**2 - 1 + 4*v. What are the prime factors of s(1)?
3
Let v(k) be the first derivative of k**3/3 + k**2 + 51*k - 11. List the prime factors of v(0).
3, 17
Let g be 30/((-2)/((-1)/1)). Suppose 4*o - 1 = g. Suppose -m - 60 = -5*u, -19 = -o*u - 2*m + 43. What are the prime factors of u?
13
Let a = 31 - -308. What are the prime factors of a?
3, 113
Let o(r) = r**3 + 12*r**2 + 10*r + 1. Let t be o(-11). What are the prime factors of (95/(-2))/(-2 + 22/t)?
3, 5, 19
Let l(u) = u**2 + 29*u - 91. List the prime factors of l(-32).
5
Let l(w) = 8*w + 7. Suppose -r - 2*r - 10 = -5*b, -3*r - 4*b = -35. Let f be l(r). Suppose 18 + f = m. What are the prime factors of m?
5, 13
Let c be (-5)/4*4/1. Suppose 4*q = 8*q - 84. Let v = q + c. List the prime factors of v.
2
Suppose 0 = 10*p - 5*p - 5. What are the prime factors of (793/(-26))/(p/(-2))?
61
Let q(g) = g - 5. Let y be q(8). Let f(p) = 0*p + 2 - y + 0 + 6*p. What are the prime factors of f(4)?
23
Let f = -1419 + 2600. List the prime factors of f.
1181
Suppose -60*n + 24*n = -9792. What are the prime factors of n?
2, 17
Let y(p) = 919*p**2 - 4*p - 2. What are the prime factors of y(2)?
2, 3, 13, 47
Suppose 2*u = -s + 6 - 3, 4*s = -4. Let b be 32/(8/u) + -2. What are the prime factors of 47/5 - b/15?
3
What are the prime factors of (-21 - 377)/(3/(-9)*2)?
3, 199
Let u(n) = -n**2 + 4. Let l be u(6). Let x = -47 - l. List the prime factors of ((-580)/x)/(2/3).
2, 29
Let u(o) = -o**3 + 3*o**2 + 5*o - 20. Let j be u(-6). Suppose -1081 = -3*f - j. List the prime factors of f.
269
Suppose d + 3*v - 9 = -d, -5*v + 5 = 0. Suppose t + 7 = -3*g, d = 3*t - 3*g - 12. Suppose l - x = -t*x + 72, -2*l - x = -142. What are the prime factors of l?
2, 5, 7
Suppose -9 + 79 = 10*w. Let s(d) = 10*d - 11. What are the prime factors of s(w)?
59
Suppose -56*n + 38*n + 99324 = 0. What are the prime factors of n?
2, 31, 89
Let g(t) = 7 - 16 + 6 - 2*t + 1. List the prime factors of g(-8).
2, 7
Suppose -1546 = 2*x - 3920. List the prime factors of x.
1187
Suppose -v - 2 = 2*a, 5*a = -2*v + v + 1. Let n(y) = 4*y**2 + 8*y + 9. What are the prime factors of n(v)?
41
Suppose -2*l + 140 + 70 = 0. Suppose 4*s + 21 - l = 0. Suppose -4*m + 14 = a - 19, -3*m + s = -3*a. List the prime factors of m.
2
Let m = -82 - -118. Suppose 2*a - 48 = m. List the prime factors of a.
2, 3, 7
Let o = -4761 - -7728. List the prime factors of o.
3, 23, 43
Let k(n) = -112*n + 481. List the prime factors of k(-43).
5297
Let o be 117*1*(2 - 3). Let i = 172 + o. Suppose 0 = -4*s - 2*h + 64, 4*h - 1 = -4*s + i. What are the prime factors of s?
2, 3
Suppose 0*b = -4*b - 8, 0 = -5*q - 4*b - 63. Let t = q - -67. List the prime factors of t.
2, 7
Suppose 660 = 11*u - 1771. List the prime factors of u.
13, 17
Let r(m) = 3*m + 30. Let s be r(-9). List the prime factors of -240*s*8/(-60).
2, 3
Suppose 0 = -24*h + 31*h - 2450. List the prime factors of h.
2, 5, 7
Suppose 55*v = 66*v - 37037. What are the prime factors of v?
7, 13, 37
Suppose 13*y = 18*y. List the prime factors of (3/1 + y)*3.
3
Let p = -755 + 1471. What are the prime factors of p?
2, 179
Suppose 74*s - 71*s + 144 = 0. Let m = 105 - s. What are the prime factors of m?
3, 17
Let r(b) = b - 9. Let x be r(13). Suppose -w + 2*g + 23 = 0, x*w + 3*g - 42 = g. List the prime factors of w.
13
Let a(r) = r**2 + r + 5. Let q be a(5). Suppose -3*s + q = -40. List the prime factors of s.
5
List the prime factors of (88 - 0) + (-1)/((-2)/4).
2, 3, 5
Suppose 15 = 8*i - 5*i. Suppose i*b - 225 = 555. List the prime factors of b.
2, 3, 13
Let f(x) = 4*x - 20. Let a be f(15). Suppose y = -2*y - 5*g - 398, 5*y + 2*g + 676 = 0. What are the prime factors of 16/a - y/10?
2, 7
Let c(s) = 2 - 16*s - 12*s - 2*s + s. What are the prime factors of c(-7)?
5, 41
Let d = 208 - 31. What are the prime factors of (0 - (-2)/6)*d?
59
Let i = -4189 - -7329. What are the prime factors of i?
2, 5, 157
Let a = 9 + -6. Suppose -5*j - a*f = -23 - 4, 0 = -4*f + 16. What are the prime factors of 2/j*(-150)/(-4)?
5
Let u(y) = 2*y + 8. Let t be u(-4). List the prime factors of 3/(-6)*t + 69.
3, 23
Let s(i) = 111*i**2 + 3*i - 2. Let a be s(1). Let c = a + 0. Suppose -28 - 102 = -3*y - 5*b, -2*y + 3*b + c = 0. What are the prime factors of y?
2, 5
List the prime factors of (-1420)/(-6) + (-2)/3*1.
2, 59
Suppose 3*v + v - 320 = 0. Let i = -47 + v. Suppose r - i = 8. List the prime factors of r.
41
Suppose 0 = 241*y - 246*y + 5480. What are the prime factors of y?
2, 137
Let j = -69 + 59. Let y(p) = -6*p + 30. List the prime factors of y(j).
2, 3, 5
What are the prime factors of ((-5)/(70/(-3492)))/((-46)/(-322))?
2, 3, 97
Suppose 0 = -n - 5, 2*m - 4*n - 26 = -152. Let c = 111 + m. Suppose 5*u - c - 47 = 0. What are the prime factors of u?
17
List the prime factors of (24612/70)/((-2)/(-10)).
2, 3, 293
Let b(d) = 19*d**3 + 6*d**2 - 12*d - 13. What are the prime factors of b(5)?
2, 613
Let q = -8 - -10. Suppose -n - 5*w = -3 + 2, 49 = -5*n + q*w. Let y = 40 + n. What are the prime factors of y?
31
Suppose w - 2*g + 2 = 0, 2*w = 6*w - 4*g - 4. Let x(f) = f**3 - 5*f**2 + 6*f. Let d be x(w). What are the prime factors of 492/16 - (-2)/d?
31
Let d(w) = 41*w - 58. List the prime factors of d(4).
2, 53
Let m(n) = 5 + 3*n**2 - 10*n + 15*n - 11*n. Let q be m(4). Suppose -2*w = w - 4*s - q, -2*w + 4*s = -26. What are the prime factors of w?
3
Suppose k + q = 2, 5*q + 6 = 8*q. Suppose -3*s + 15 = k, 0 = -2*p - s + 2*s + 35. What are the prime factors of p?
2, 5
Let i = 3 - -24. Suppose k - i + 7 = 0. What are the prime factors of k?
2, 5
Let k = -34 - -704. List the prime factors of k.
2, 5, 67
Let l = -832 + 1055. List the prime factors of l.
223
Suppose 25*v = 57817 + 81108. What are the prime factors of v?
5557
Let t(b) = -15*b - 29. Let k(m) = -7*m - 14. Let o(y) = -13*k(y) + 6*t(y). Let h be o(-5). What are the prime factors of 3 + h*(-55)/(-3)?
2, 29
Let q(x) = 18*x**2 - 25*x - 24. List the prime factors of q(-7).
1033
Let p = 332 - 211. Suppose -3*u + 5*t + 119 = 0, -4*u + u + 4*t + p = 0. What are the prime factors of u?
43
Let h = 366 + -221. Suppose -20*s + 19*s = 92. Let v = s + h. What are the prime factors of v?
53
Let t = 77 + -5. Let u = t - 3. What are the prime factors of u?
3, 23
Let w = 83 - 71. List the prime factors of w.
2, 3
Let d = -23 + 15. What are the prime factors of (-1)/(-4) - (838/d)/1?
3, 5, 7
What are the prime factors of (1*6)/((-9)/(-17784)*8)?
2, 3, 13, 19
Suppose 3*s + 13 = v + 8*s, -4*v = 5*s - 22. What are the prime factors of v?
3
Let q(f) = 7 - 29 - f + 14 + 11. Let a(y) = 7*y. Let m be a(-1). What are the prime factors of q(m)?
2, 5
Suppose 4*d - 4*m = -d + 216, 3*d - 3*m = 132. Let q(t) = -5*t - 3. Let u be q(-2). Suppose u*r - d = 3*r. List the prime factors of r.
2, 5
Let y(d) = 12*d**2 + 3*d - 3. Let l be y(-3). Suppose 2*s = 5*s + 5*c - 158, c - l = -2*s. What are the prime factors of s?
2, 23
Let h(r) = r**3 - r**2 + 2*r - 4. Suppose 22 - 6 = 4*x. What are the prime factors of h(x)?
2, 13
Let w(u) = -u**3 + 18*u**2 - 15*u - 13. Suppose 6 = 4*p - 62. What are the prime factors of w(p)?
3, 7
Let s be 1/3*-1 + (-36)/(-27). Let i(a) = 17*a + 0 - 4 + 3. List the prime factors of i(s).
2
Let s = 1698 + -677. List the prime factors of s.
1021
Suppose 2*h = -b + 500, 7*b = 9*b - 2*h - 1030. What are the prime factors of b?
2, 3, 5, 17
Suppose c = 4*y + 5448, -222*c + 226*c - 21732 = -4*y. List the prime factors of c.
2, 3, 151
Let k(g) = 26*g**2 + g + 19. List the prime factors of k(-6).
13, 73
Let o = 2253 - 1466. What are the prime factors of o?
787
Let a(h) = -2*h - 11. Let t be a(-6). Let u be (-39)/13 - 3*t. What are the prime factors of (-75)/u*(-24)/(-30)?
2, 5
Let x(k) = 3*k**2 - k + 1. Suppose 3*s - 15 = -0*s. Suppose 0 = s*u + 23 - 3. What are the prime factors of x(u)?
53
Let t(l) be the first derivative of -l**4/4 - 5*l**3 - 9*l**2/2 - 7*l + 24. What are the prime factors of t(-15)?
2
Let n(t) be the third deriva